ppose 0 = l + 4, -i*o - 6*l + 4*l = -112. What are the prime factors of o?
2, 3, 5
Let g(i) = -i**2 - i + 6. Let d(k) = 6. Let y(l) = -4*d(l) + 5*g(l). Let c(s) be the first derivative of y(s). What are the prime factors of c(-4)?
5, 7
Let h = -5 + 5. Let g(y) = -y**3 - y**2 + y - 73. Let f be g(h). Let o = 130 + f. What are the prime factors of o?
3, 19
Let i(z) = 2260 + 26*z - 2276 + 3*z**2 - 4*z**2. List the prime factors of i(21).
89
Let c(p) = -2*p**3 - p**2 + p + 5. Let w(l) = -l**3 + l + 2. Let a(d) = -2*c(d) + 5*w(d). Suppose 3*j - 7 = -13. List the prime factors of a(j).
2, 5
Let g(n) = -n**3 - 20*n**2 + 40*n + 7. List the prime factors of g(-24).
7, 193
Suppose 7*w - 712 = -523. What are the prime factors of w?
3
Suppose -2*p - 9 = -k + 9, -4*k + 5*p = -63. Suppose -3*r + k = 9. List the prime factors of 8 + -8 - -26*r.
2, 13
Let n = 15 + -7. Let j = -8 + n. Suppose 2*i + j*i = 52. What are the prime factors of i?
2, 13
Suppose -2*r - 5*t = -t - 418, 0 = -4*r - t + 843. List the prime factors of r.
211
Suppose -14*v = -80 + 10. Suppose -4*i + v*d = -581, 3*i - 239 - 217 = -3*d. What are the prime factors of i?
149
Suppose 4*d + 37 = 5*t, -2*d - 5*t = -0*d + 41. Let x = -10 - d. Suppose r - 2*q - 26 = 0, 5*r - 2*r + x*q = 33. What are the prime factors of r?
2
Let b = 1033 + -34. Suppose 34*s - 37*s + b = 0. List the prime factors of s.
3, 37
Let g be 69/(-12) - (-2)/(-8). Let x = g - -37. Suppose -2*t - x = -3*y + 17, 2*y - 3*t - 32 = 0. What are the prime factors of y?
2
Let s = 23 - 129. Let b = 221 + s. List the prime factors of b.
5, 23
Let g = -831 - -1932. What are the prime factors of g?
3, 367
Let o = 31 - 26. Suppose 15 = -o*i + 2*i. List the prime factors of (-1)/i + 504/30.
17
Let q = 23 - 18. Suppose 281 = -4*w + 5*g, q*w + 5*g + 346 = 6*g. Let s = -34 - w. List the prime factors of s.
5, 7
What are the prime factors of -1 + -4 + 9 + -30 + 2284?
2, 1129
Let y be (-38)/(-9) + (-12)/54. Let j(d) = 8*d**2 - d - 3. List the prime factors of j(y).
11
What are the prime factors of (-2)/(-14)*(-735)/(-6)*68?
2, 5, 7, 17
Let k(r) = 8*r**2 - 8*r + 20. Let a be k(5). Suppose 1155 = 5*b - a. What are the prime factors of b?
3, 89
Suppose j = -4*o - 4*j - 17, 4*j = 2*o + 28. What are the prime factors of o/2*1 + 219?
5, 43
Let r(y) = -y**3 - 12*y**2 + 4*y + 1. Let i be r(-11). What are the prime factors of -2*(3 + i/8)?
5, 7
Let o(t) = 9*t + 11. Let p be o(13). Suppose -5*s + 733 - p = 0. What are the prime factors of s?
11
Let i = 287 + 2. List the prime factors of i.
17
Let t = -89 + 57. Let b = t + 37. Suppose b*v = 4*z + 154, -2*v - 4*z = 3*v - 186. List the prime factors of v.
2, 17
List the prime factors of (500492/1477)/((-10)/14 + 1).
2, 593
Suppose -40*c + 83*c - 170581 = 0. List the prime factors of c.
3967
Let s = -4 + 8. Suppose -1 = -v - j - 3, s*v + j = 4. Suppose v*k - 4*k + 37 = f, -f + 12 = -3*k. What are the prime factors of f?
3
Let d be (-15)/10*2 - 1. Let f(x) = 4*x**2 + 6. What are the prime factors of f(d)?
2, 5, 7
Let m = 190 + -130. Suppose -109 = -2*p - 117. What are the prime factors of (18/(-15))/(p/m)?
2, 3
Let r(s) be the third derivative of 1/8*s**4 + 0 - 1/20*s**5 + s**2 + 1/2*s**3 - 1/60*s**6 + 0*s. What are the prime factors of r(-3)?
3, 7
Suppose h - 4*h + 4 = -4*c, 0 = -2*h - 3*c + 14. Let d(r) = -h*r**2 + r**3 + 0*r**3 - 1 + 5*r + 5*r - 4*r. List the prime factors of d(5).
2, 3
Suppose -2*k = -2*i + 152, 0 = -i - 5*k + k + 61. List the prime factors of i.
73
Suppose 4*t - 3514 = -1002. List the prime factors of t.
2, 157
Let w(u) = -575*u + 107. List the prime factors of w(-6).
3557
Let q(p) = p**2 + 7. Let j(i) = -4*i**3 + 2*i**2 + i. Let b be j(-1). Let n be -1*5*(b - 4). What are the prime factors of q(n)?
2
Let w be (-12)/(-21)*42/12. Suppose 0*y - w*s - 136 = -2*y, -5 = -s. List the prime factors of y.
73
Let j = 25 + -26. What are the prime factors of (22/(-5))/((-4)/(-120)*j)?
2, 3, 11
Let t(n) = 4*n**3 + 16*n**2 - 19*n - 16. Let r(l) = -11*l**3 - 48*l**2 + 56*l + 48. Let b(g) = 3*r(g) + 8*t(g). What are the prime factors of b(-17)?
3, 11
Let o = -65 + 56. Let c = o + 106. List the prime factors of c.
97
Let h = 567 + -264. What are the prime factors of h?
3, 101
Let k(c) = -50*c + 422. List the prime factors of k(-43).
2, 643
What are the prime factors of ((-4)/(-5))/(-4 + (-5562)/(-1390))?
2, 139
Let h(r) = r**3 - 14*r**2 + 3*r - 9. Let z be h(12). Let l = -175 - z. List the prime factors of l.
2, 43
Suppose -6 = 2*s + 3*l, 3*s - l = -3 + 5. Suppose -2*a + 5*r + 42 = s, 0 = -3*a + r - 4 + 54. List the prime factors of a.
2
Let f(k) = 74*k**2 + 1 - 38*k + 38*k. Let n be f(-1). Suppose 0*p + 75 = 3*a - 2*p, -3*a = -5*p - n. What are the prime factors of a?
5
Suppose 1379 = q + 3*m, 1387 = 5*q - 4*q - m. What are the prime factors of q?
5, 277
Let j(m) = -m**2 - 10*m - 1. Let q be j(-7). Let s = -16 + q. Suppose -r = 3*k + 2*k - 19, k = -s*r + 114. What are the prime factors of r?
29
What are the prime factors of (-18)/(-3) + 1582/2?
797
Let v(d) = d - 10. Let x be v(10). Suppose 15*q - 23*q + 624 = x. List the prime factors of q.
2, 3, 13
Let s(d) = -d - 1. Let n(i) = i**2 - 17*i + 2. Let g(a) = -n(a) + 4*s(a). Suppose 2*w = 4*q + w - 52, 0 = -5*q + 5*w + 80. What are the prime factors of g(q)?
2, 3
Let j = 1330 + -1128. List the prime factors of j.
2, 101
Let t = -18 - -39. Suppose -17*r + t*r - 276 = 0. List the prime factors of r.
3, 23
Suppose -b = -5*o + b, 3*b - 19 = -2*o. Suppose -3*i + 2*g = -0*g - 8, g = o. Suppose i*j - 2*j - 40 = 0. List the prime factors of j.
2, 5
Suppose 3*b + 4*t = -894, t - 78 - 220 = b. Let a = -192 - b. What are the prime factors of a?
2, 53
Let q = -164 + 703. List the prime factors of q.
7, 11
Let z = 1486 + -267. List the prime factors of z.
23, 53
Suppose 1 = -3*g + 10. Let u(a) = 11*a - 33. Let w be u(3). Suppose -7*d + g*d + 52 = w. List the prime factors of d.
13
Let q = 108 + 47. Suppose 0 = o + 4*z - 3 - q, z - 647 = -4*o. List the prime factors of o.
2, 3
Suppose -3*m = 2*c + 205, 3*m - 168 = 3*c + 177. Let w = c - -158. List the prime factors of w.
2, 3
Let c be (24/30)/((-4)/30). What are the prime factors of (-177)/(-7) + c/21?
5
Suppose -3*o - 3*w = -7*w - 4, -18 = -3*o - 3*w. Let f be (-775)/(-150) - 1*1/6. Suppose 4*h = -f*n + 68, -o*n - 135 + 9 = -5*h. List the prime factors of h.
2, 11
Let k(q) = q**3 - q**2 - 2*q + 2. Let u be k(2). Suppose 3*x = 4*x - 3*z - 2, -x = 2*z + 8. What are the prime factors of (u/(-2))/(x/8)?
2
Let v = 156 + -89. Suppose 3*n = 4*f - v, 0*f + 2*n = -4*f + 62. Let o = f + -2. What are the prime factors of o?
2, 7
Let f(m) = -5*m - 16. Let d be f(-4). List the prime factors of (-1 + 9)/d - -176.
2, 89
Let k be ((-1415)/(-10) - -3) + (-3)/2. Suppose -4*i + k = 2*l + 51, 2*i = 6. What are the prime factors of l?
2, 5
List the prime factors of (-338 + 2)*(-3)/(3 - 0).
2, 3, 7
Suppose 12 = 6*x - 0*x. List the prime factors of (287/28)/(x/16).
2, 41
Let p be 3*(3 - 10/6). Suppose 5*g - 3*b - 255 = 0, -p*g + 189 + 7 = -4*b. List the prime factors of g.
2, 3
Let k(l) = -l - 3 + 3*l - 2*l - 3*l. Let r be k(-2). Suppose -2*v - 3*j - 25 = -r*v, 0 = -3*v - 5*j + 61. List the prime factors of v.
2, 11
Let f be -6*(2 + (-52)/6). Let b be 27/(-18)*f/3. Let d = -8 - b. List the prime factors of d.
2, 3
Let r(t) = 458*t**2 + 4*t + 34. List the prime factors of r(-3).
2, 7, 37
Suppose -5907 = -18*n + 16233. List the prime factors of n.
2, 3, 5, 41
Let p(q) = -2*q + 82. Let o(g) = -2*g - 1. Let b(s) = -5*o(s) + p(s). What are the prime factors of b(20)?
13, 19
Let a = -728 - -933. What are the prime factors of a?
5, 41
Let s be (9*(-6)/(-45))/((-1)/10). What are the prime factors of (-72 + 3)*20/s?
5, 23
Let w(l) = -l - 25. Let k(r) = -6. Let p(z) = -18*k(z) + 4*w(z). What are the prime factors of p(-6)?
2
Suppose 0 = 19*x + 25298 - 80436. What are the prime factors of x?
2, 1451
Let z(p) = p - 2. Let q be z(6). Suppose 3*r - q*k = 16, k + 1 = 3*r - 3. Suppose r = -3*j - j - 12, 0 = -h - 5*j - 6. What are the prime factors of h?
3
Let y = -5635 - -9581. List the prime factors of y.
2, 1973
Let s = 25 + -27. List the prime factors of (s + 3)/(-3)*-498.
2, 83
Suppose 2 = 2*z - 2. Suppose -18 = q + z*q. Let m(a) = -a**3 - 4*a**2